{"id":106,"date":"2021-02-23T18:43:44","date_gmt":"2021-02-23T18:43:44","guid":{"rendered":"https:\/\/wordpressblog.plenum.bio\/?page_id=106"},"modified":"2021-08-09T15:06:53","modified_gmt":"2021-08-09T15:06:53","slug":"contato","status":"publish","type":"page","link":"https:\/\/blog.plenum.bio\/?page_id=106","title":{"rendered":"Contato"},"content":{"rendered":"[vc_row type=&#8221;full_width_background&#8221; full_screen_row_position=&#8221;middle&#8221; bg_color=&#8221;#2e2e2e&#8221; scene_position=&#8221;center&#8221; text_color=&#8221;dark&#8221; text_align=&#8221;left&#8221; top_padding=&#8221;8%&#8221; bottom_padding=&#8221;8%&#8221; id=&#8221;core-features&#8221; row_name=&#8221;Core Features&#8221; overlay_strength=&#8221;0.3&#8243; shape_divider_position=&#8221;bottom&#8221; bg_image_animation=&#8221;none&#8221; shape_type=&#8221;&#8221;][vc_column centered_text=&#8221;true&#8221; column_padding=&#8221;no-extra-padding&#8221; column_padding_position=&#8221;all&#8221; background_color_opacity=&#8221;1&#8243; background_hover_color_opacity=&#8221;1&#8243; column_link_target=&#8221;_self&#8221; column_shadow=&#8221;none&#8221; column_border_radius=&#8221;none&#8221; width=&#8221;1\/1&#8243; tablet_width_inherit=&#8221;default&#8221; tablet_text_alignment=&#8221;default&#8221; phone_text_alignment=&#8221;default&#8221; column_border_width=&#8221;none&#8221; column_border_style=&#8221;solid&#8221; bg_image_animation=&#8221;none&#8221;][vc_row_inner column_margin=&#8221;default&#8221; text_align=&#8221;left&#8221;][vc_column_inner column_padding=&#8221;no-extra-padding&#8221; column_padding_position=&#8221;all&#8221; background_color_opacity=&#8221;1&#8243; background_hover_color_opacity=&#8221;1&#8243; column_shadow=&#8221;none&#8221; column_border_radius=&#8221;none&#8221; column_link_target=&#8221;_self&#8221; width=&#8221;1\/1&#8243; tablet_width_inherit=&#8221;default&#8221; column_border_width=&#8221;none&#8221; column_border_style=&#8221;solid&#8221; bg_image_animation=&#8221;none&#8221; enable_animation=&#8221;true&#8221; animation=&#8221;fade-in&#8221;][vc_column_text css=&#8221;.vc_custom_1616781178876{padding-bottom: 10px !important;}&#8221;]\n<h2 style=\"color: white;\">Entre em contato<\/h2>\n[\/vc_column_text]<div class=\"divider-wrap\" data-alignment=\"default\"><div style=\"margin-top: 15px; width: 120px; height: 3px; margin-bottom: 15px;\" data-width=\"120\" data-animate=\"yes\" data-animation-delay=\"100\" data-color=\"extra-color-gradient-1\" class=\"divider-small-border\"><\/div><\/div>[vc_column_text max_width=&#8221;450&#8243;]<span style=\"color: white;\">Preencha o formul\u00e1rio abaixo com suas d\u00favidas e perguntas <\/span>[\/vc_column_text][\/vc_column_inner][\/vc_row_inner][\/vc_column][vc_column column_padding=&#8221;no-extra-padding&#8221; column_padding_position=&#8221;all&#8221; background_color_opacity=&#8221;1&#8243; background_hover_color_opacity=&#8221;1&#8243; column_link_target=&#8221;_self&#8221; column_shadow=&#8221;none&#8221; column_border_radius=&#8221;none&#8221; width=&#8221;1\/1&#8243; tablet_width_inherit=&#8221;default&#8221; tablet_text_alignment=&#8221;default&#8221; phone_text_alignment=&#8221;default&#8221; column_border_width=&#8221;none&#8221; column_border_style=&#8221;solid&#8221; bg_image_animation=&#8221;none&#8221;][vc_row_inner column_margin=&#8221;default&#8221; top_padding=&#8221;8%&#8221; text_align=&#8221;left&#8221;][vc_column_inner column_padding=&#8221;no-extra-padding&#8221; column_padding_position=&#8221;all&#8221; background_color_opacity=&#8221;1&#8243; background_hover_color_opacity=&#8221;1&#8243; column_shadow=&#8221;none&#8221; column_border_radius=&#8221;none&#8221; column_link_target=&#8221;_self&#8221; width=&#8221;2\/12&#8243; tablet_width_inherit=&#8221;default&#8221; column_border_width=&#8221;none&#8221; column_border_style=&#8221;solid&#8221; bg_image_animation=&#8221;none&#8221;][\/vc_column_inner][vc_column_inner column_padding=&#8221;no-extra-padding&#8221; column_padding_position=&#8221;all&#8221; background_color_opacity=&#8221;1&#8243; background_hover_color_opacity=&#8221;1&#8243; column_shadow=&#8221;none&#8221; column_border_radius=&#8221;none&#8221; column_link_target=&#8221;_self&#8221; width=&#8221;8\/12&#8243; tablet_width_inherit=&#8221;default&#8221; column_border_width=&#8221;none&#8221; column_border_style=&#8221;solid&#8221; bg_image_animation=&#8221;none&#8221;]\n                <div class='gf_browser_gecko gform_wrapper' id='gform_wrapper_4' ><form method='post' enctype='multipart\/form-data'  id='gform_4'  action='\/index.php?rest_route=%2Fwp%2Fv2%2Fpages%2F106'>\n                        <div class='gform_body'><ul id='gform_fields_4' class='gform_fields top_label form_sublabel_below description_below'><li id='field_4_2'  class='gfield gf_left_half field_sublabel_below field_description_below hidden_label gfield_visibility_visible' ><label class='gfield_label' for='input_4_2' >Assunto<\/label><div class='ginput_container ginput_container_text'><input name='input_2' id='input_4_2' type='text' value='' class='large'    placeholder='Assunto'  aria-invalid=\"false\" \/><\/div><\/li><li id='field_4_5'  class='gfield gf_left_half field_sublabel_below field_description_below hidden_label gfield_visibility_visible' ><label class='gfield_label' for='input_4_5' >E-mail<\/label><div class='ginput_container ginput_container_email'>\n                            <input name='input_5' id='input_4_5' type='text' value='' class='large'   placeholder='Seu melhor e-mail'  aria-invalid=\"false\" \/>\n                        <\/div><\/li><li id='field_4_4'  class='gfield field_sublabel_below field_description_below hidden_label gfield_visibility_visible' ><label class='gfield_label' for='input_4_4' >Nome<\/label><div class='ginput_container ginput_container_text'><input name='input_4' id='input_4_4' type='text' value='' class='large'    placeholder='Nome'  aria-invalid=\"false\" \/><\/div><\/li><li id='field_4_6'  class='gfield gf_left_third gfield_contains_required field_sublabel_below field_description_below hidden_label gfield_visibility_visible' ><label class='gfield_label' for='input_4_6' >Telefone<span class='gfield_required'>*<\/span><\/label><div class='ginput_container ginput_container_phone'><input name='input_6' id='input_4_6' type='text' value='' class='large'  placeholder='Telefone' aria-required=\"true\" aria-invalid=\"false\"  \/><\/div><\/li><li id='field_4_7'  class='gfield gf_middle_third field_sublabel_below field_description_below hidden_label gfield_visibility_visible' ><label class='gfield_label' for='input_4_7' >Cidade<\/label><div class='ginput_container ginput_container_text'><input name='input_7' id='input_4_7' type='text' value='' class='large'    placeholder='Cidade'  aria-invalid=\"false\" \/><\/div><\/li><li id='field_4_10'  class='gfield gf_right_third field_sublabel_below field_description_below hidden_label gfield_visibility_visible' ><label class='gfield_label' for='input_4_10' >Estado<\/label><div class='ginput_container ginput_container_text'><input name='input_10' id='input_4_10' type='text' value='' class='medium'    placeholder='Estado'  aria-invalid=\"false\" \/><\/div><\/li><li id='field_4_9'  class='gfield field_sublabel_below field_description_below hidden_label gfield_visibility_visible' ><label class='gfield_label' for='input_4_9' >Mensagem<\/label><div class='ginput_container ginput_container_textarea'><textarea name='input_9' id='input_4_9' class='textarea medium'    placeholder='Mensagem'  aria-invalid=\"false\"   rows='10' cols='50'><\/textarea><\/div><\/li><li id='field_4_11'  class='gfield gform_validation_container field_sublabel_below field_description_below gfield_visibility_visible' ><label class='gfield_label' for='input_4_11' >Comments<\/label><div class='ginput_container'><input name='input_11' id='input_4_11' type='text' value='' \/><\/div><div class='gfield_description' id='gfield_description__11'>Este campo \u00e9 para fins de valida\u00e7\u00e3o e n\u00e3o deve ser alterado.<\/div><\/li>\n                            <\/ul><\/div>\n        <div class='gform_footer top_label'> <input type='submit' id='gform_submit_button_4' class='gform_button button' value='Enviar'  onclick='if(window[\"gf_submitting_4\"]){return false;}  window[\"gf_submitting_4\"]=true;  ' onkeypress='if( event.keyCode == 13 ){ if(window[\"gf_submitting_4\"]){return false;} window[\"gf_submitting_4\"]=true;  jQuery(\"#gform_4\").trigger(\"submit\",[true]); }' \/> \n            <input type='hidden' class='gform_hidden' name='is_submit_4' value='1' \/>\n            <input type='hidden' class='gform_hidden' name='gform_submit' value='4' \/>\n            \n            <input type='hidden' class='gform_hidden' name='gform_unique_id' value='' \/>\n            <input type='hidden' class='gform_hidden' name='state_4' value='WyJbXSIsIjAzZDU4YWIyMjY5MmQ0YjkxOWVjYmEwNjUyYzVkNTEzIl0=' \/>\n            <input type='hidden' class='gform_hidden' name='gform_target_page_number_4' id='gform_target_page_number_4' value='0' \/>\n            <input type='hidden' class='gform_hidden' name='gform_source_page_number_4' id='gform_source_page_number_4' value='1' \/>\n            <input type='hidden' name='gform_field_values' value='' \/>\n            \n        <\/div>\n                        <\/form>\n                        <\/div><script type='text\/javascript'> jQuery(document).bind('gform_post_render', function(event, formId, currentPage){if(formId == 4) {if(typeof Placeholders != 'undefined'){\n                        Placeholders.enable();\n                    }} } );jQuery(document).bind('gform_post_conditional_logic', function(event, formId, fields, isInit){} );<\/script><script type='text\/javascript'> jQuery(document).ready(function(){jQuery(document).trigger('gform_post_render', [4, 1]) } ); <\/script>[\/vc_column_inner][vc_column_inner column_padding=&#8221;no-extra-padding&#8221; column_padding_position=&#8221;all&#8221; background_color_opacity=&#8221;1&#8243; background_hover_color_opacity=&#8221;1&#8243; column_shadow=&#8221;none&#8221; column_border_radius=&#8221;none&#8221; column_link_target=&#8221;_self&#8221; width=&#8221;2\/12&#8243; tablet_width_inherit=&#8221;default&#8221; column_border_width=&#8221;none&#8221; column_border_style=&#8221;solid&#8221; bg_image_animation=&#8221;none&#8221;][\/vc_column_inner][\/vc_row_inner][\/vc_column][\/vc_row]\n","protected":false},"excerpt":{"rendered":"<p>[vc_row type=&#8221;full_width_background&#8221; full_screen_row_position=&#8221;middle&#8221; bg_color=&#8221;#2e2e2e&#8221; scene_position=&#8221;center&#8221; text_color=&#8221;dark&#8221; text_align=&#8221;left&#8221; top_padding=&#8221;8%&#8221; bottom_padding=&#8221;8%&#8221; id=&#8221;core-features&#8221; row_name=&#8221;Core Features&#8221; overlay_strength=&#8221;0.3&#8243; shape_divider_position=&#8221;bottom&#8221; bg_image_animation=&#8221;none&#8221; shape_type=&#8221;&#8221;][vc_column centered_text=&#8221;true&#8221; column_padding=&#8221;no-extra-padding&#8221; column_padding_position=&#8221;all&#8221; background_color_opacity=&#8221;1&#8243; background_hover_color_opacity=&#8221;1&#8243; column_link_target=&#8221;_self&#8221; column_shadow=&#8221;none&#8221; column_border_radius=&#8221;none&#8221; width=&#8221;1\/1&#8243;&#8230;<\/p>\n","protected":false},"author":2,"featured_media":0,"parent":0,"menu_order":0,"comment_status":"closed","ping_status":"closed","template":"","meta":{"_joinchat":[],"footnotes":""},"class_list":["post-106","page","type-page","status-publish"],"yoast_head":"<!-- This site is optimized with the Yoast SEO plugin v20.8 - https:\/\/yoast.com\/wordpress\/plugins\/seo\/ -->\n<title>Contato - Blog | Plenum.Bio<\/title>\n<meta name=\"robots\" content=\"noindex, follow\" \/>\n<meta property=\"og:locale\" content=\"pt_BR\" \/>\n<meta property=\"og:type\" content=\"article\" \/>\n<meta property=\"og:title\" content=\"Contato - Blog | Plenum.Bio\" \/>\n<meta property=\"og:description\" content=\"[vc_row type=&#8221;full_width_background&#8221; full_screen_row_position=&#8221;middle&#8221; bg_color=&#8221;#2e2e2e&#8221; scene_position=&#8221;center&#8221; text_color=&#8221;dark&#8221; text_align=&#8221;left&#8221; top_padding=&#8221;8%&#8221; bottom_padding=&#8221;8%&#8221; id=&#8221;core-features&#8221; row_name=&#8221;Core Features&#8221; overlay_strength=&#8221;0.3&#8243; shape_divider_position=&#8221;bottom&#8221; bg_image_animation=&#8221;none&#8221; shape_type=&#8221;&#8221;][vc_column centered_text=&#8221;true&#8221; column_padding=&#8221;no-extra-padding&#8221; column_padding_position=&#8221;all&#8221; background_color_opacity=&#8221;1&#8243; background_hover_color_opacity=&#8221;1&#8243; column_link_target=&#8221;_self&#8221; column_shadow=&#8221;none&#8221; column_border_radius=&#8221;none&#8221; width=&#8221;1\/1&#8243;...\" \/>\n<meta property=\"og:url\" content=\"https:\/\/blog.plenum.bio\/?page_id=106\" \/>\n<meta property=\"og:site_name\" content=\"Blog | Plenum.Bio\" \/>\n<meta property=\"article:publisher\" content=\"https:\/\/www.facebook.com\/plenumbioengenharia\" \/>\n<meta property=\"article:modified_time\" content=\"2021-08-09T15:06:53+00:00\" \/>\n<meta name=\"twitter:card\" content=\"summary_large_image\" \/>\n<meta name=\"twitter:label1\" content=\"Est. tempo de leitura\" \/>\n\t<meta name=\"twitter:data1\" content=\"1 minuto\" \/>\n<script type=\"application\/ld+json\" class=\"yoast-schema-graph\">{\"@context\":\"https:\/\/schema.org\",\"@graph\":[{\"@type\":\"WebPage\",\"@id\":\"https:\/\/blog.plenum.bio\/?page_id=106\",\"url\":\"https:\/\/blog.plenum.bio\/?page_id=106\",\"name\":\"Contato - Blog | Plenum.Bio\",\"isPartOf\":{\"@id\":\"https:\/\/blog.plenum.bio\/#website\"},\"datePublished\":\"2021-02-23T18:43:44+00:00\",\"dateModified\":\"2021-08-09T15:06:53+00:00\",\"breadcrumb\":{\"@id\":\"https:\/\/blog.plenum.bio\/?page_id=106#breadcrumb\"},\"inLanguage\":\"pt-BR\",\"potentialAction\":[{\"@type\":\"ReadAction\",\"target\":[\"https:\/\/blog.plenum.bio\/?page_id=106\"]}]},{\"@type\":\"BreadcrumbList\",\"@id\":\"https:\/\/blog.plenum.bio\/?page_id=106#breadcrumb\",\"itemListElement\":[{\"@type\":\"ListItem\",\"position\":1,\"name\":\"In\u00edcio\",\"item\":\"https:\/\/blog.plenum.bio\/\"},{\"@type\":\"ListItem\",\"position\":2,\"name\":\"Contato\"}]},{\"@type\":\"WebSite\",\"@id\":\"https:\/\/blog.plenum.bio\/#website\",\"url\":\"https:\/\/blog.plenum.bio\/\",\"name\":\"Blog | Plenum.Bio\",\"description\":\"\",\"publisher\":{\"@id\":\"https:\/\/blog.plenum.bio\/#organization\"},\"potentialAction\":[{\"@type\":\"SearchAction\",\"target\":{\"@type\":\"EntryPoint\",\"urlTemplate\":\"https:\/\/blog.plenum.bio\/?s={search_term_string}\"},\"query-input\":\"required name=search_term_string\"}],\"inLanguage\":\"pt-BR\"},{\"@type\":\"Organization\",\"@id\":\"https:\/\/blog.plenum.bio\/#organization\",\"name\":\"Plenum\",\"url\":\"https:\/\/blog.plenum.bio\/\",\"logo\":{\"@type\":\"ImageObject\",\"inLanguage\":\"pt-BR\",\"@id\":\"https:\/\/blog.plenum.bio\/#\/schema\/logo\/image\/\",\"url\":\"https:\/\/blog.plenum.bio\/wp-content\/uploads\/2021\/02\/2019-Insight-Plenum.-Logo-Plenum-Branco-e1569694681425.png\",\"contentUrl\":\"https:\/\/blog.plenum.bio\/wp-content\/uploads\/2021\/02\/2019-Insight-Plenum.-Logo-Plenum-Branco-e1569694681425.png\",\"width\":147,\"height\":41,\"caption\":\"Plenum\"},\"image\":{\"@id\":\"https:\/\/blog.plenum.bio\/#\/schema\/logo\/image\/\"},\"sameAs\":[\"https:\/\/www.facebook.com\/plenumbioengenharia\",\"https:\/\/www.instagram.com\/plenum.bioengenharia\/\",\"https:\/\/www.youtube.com\/c\/PlenumBioengenharia\"]}]}<\/script>\n<!-- \/ Yoast SEO plugin. -->","yoast_head_json":{"title":"Contato - Blog | Plenum.Bio","robots":{"index":"noindex","follow":"follow"},"og_locale":"pt_BR","og_type":"article","og_title":"Contato - Blog | Plenum.Bio","og_description":"[vc_row type=&#8221;full_width_background&#8221; full_screen_row_position=&#8221;middle&#8221; bg_color=&#8221;#2e2e2e&#8221; scene_position=&#8221;center&#8221; text_color=&#8221;dark&#8221; text_align=&#8221;left&#8221; top_padding=&#8221;8%&#8221; bottom_padding=&#8221;8%&#8221; id=&#8221;core-features&#8221; row_name=&#8221;Core Features&#8221; overlay_strength=&#8221;0.3&#8243; shape_divider_position=&#8221;bottom&#8221; bg_image_animation=&#8221;none&#8221; shape_type=&#8221;&#8221;][vc_column centered_text=&#8221;true&#8221; column_padding=&#8221;no-extra-padding&#8221; column_padding_position=&#8221;all&#8221; background_color_opacity=&#8221;1&#8243; background_hover_color_opacity=&#8221;1&#8243; column_link_target=&#8221;_self&#8221; column_shadow=&#8221;none&#8221; column_border_radius=&#8221;none&#8221; width=&#8221;1\/1&#8243;...","og_url":"https:\/\/blog.plenum.bio\/?page_id=106","og_site_name":"Blog | Plenum.Bio","article_publisher":"https:\/\/www.facebook.com\/plenumbioengenharia","article_modified_time":"2021-08-09T15:06:53+00:00","twitter_card":"summary_large_image","twitter_misc":{"Est. tempo de leitura":"1 minuto"},"schema":{"@context":"https:\/\/schema.org","@graph":[{"@type":"WebPage","@id":"https:\/\/blog.plenum.bio\/?page_id=106","url":"https:\/\/blog.plenum.bio\/?page_id=106","name":"Contato - Blog | Plenum.Bio","isPartOf":{"@id":"https:\/\/blog.plenum.bio\/#website"},"datePublished":"2021-02-23T18:43:44+00:00","dateModified":"2021-08-09T15:06:53+00:00","breadcrumb":{"@id":"https:\/\/blog.plenum.bio\/?page_id=106#breadcrumb"},"inLanguage":"pt-BR","potentialAction":[{"@type":"ReadAction","target":["https:\/\/blog.plenum.bio\/?page_id=106"]}]},{"@type":"BreadcrumbList","@id":"https:\/\/blog.plenum.bio\/?page_id=106#breadcrumb","itemListElement":[{"@type":"ListItem","position":1,"name":"In\u00edcio","item":"https:\/\/blog.plenum.bio\/"},{"@type":"ListItem","position":2,"name":"Contato"}]},{"@type":"WebSite","@id":"https:\/\/blog.plenum.bio\/#website","url":"https:\/\/blog.plenum.bio\/","name":"Blog | Plenum.Bio","description":"","publisher":{"@id":"https:\/\/blog.plenum.bio\/#organization"},"potentialAction":[{"@type":"SearchAction","target":{"@type":"EntryPoint","urlTemplate":"https:\/\/blog.plenum.bio\/?s={search_term_string}"},"query-input":"required name=search_term_string"}],"inLanguage":"pt-BR"},{"@type":"Organization","@id":"https:\/\/blog.plenum.bio\/#organization","name":"Plenum","url":"https:\/\/blog.plenum.bio\/","logo":{"@type":"ImageObject","inLanguage":"pt-BR","@id":"https:\/\/blog.plenum.bio\/#\/schema\/logo\/image\/","url":"https:\/\/blog.plenum.bio\/wp-content\/uploads\/2021\/02\/2019-Insight-Plenum.-Logo-Plenum-Branco-e1569694681425.png","contentUrl":"https:\/\/blog.plenum.bio\/wp-content\/uploads\/2021\/02\/2019-Insight-Plenum.-Logo-Plenum-Branco-e1569694681425.png","width":147,"height":41,"caption":"Plenum"},"image":{"@id":"https:\/\/blog.plenum.bio\/#\/schema\/logo\/image\/"},"sameAs":["https:\/\/www.facebook.com\/plenumbioengenharia","https:\/\/www.instagram.com\/plenum.bioengenharia\/","https:\/\/www.youtube.com\/c\/PlenumBioengenharia"]}]}},"_links":{"self":[{"href":"https:\/\/blog.plenum.bio\/index.php?rest_route=\/wp\/v2\/pages\/106","targetHints":{"allow":["GET"]}}],"collection":[{"href":"https:\/\/blog.plenum.bio\/index.php?rest_route=\/wp\/v2\/pages"}],"about":[{"href":"https:\/\/blog.plenum.bio\/index.php?rest_route=\/wp\/v2\/types\/page"}],"author":[{"embeddable":true,"href":"https:\/\/blog.plenum.bio\/index.php?rest_route=\/wp\/v2\/users\/2"}],"replies":[{"embeddable":true,"href":"https:\/\/blog.plenum.bio\/index.php?rest_route=%2Fwp%2Fv2%2Fcomments&post=106"}],"version-history":[{"count":11,"href":"https:\/\/blog.plenum.bio\/index.php?rest_route=\/wp\/v2\/pages\/106\/revisions"}],"predecessor-version":[{"id":233,"href":"https:\/\/blog.plenum.bio\/index.php?rest_route=\/wp\/v2\/pages\/106\/revisions\/233"}],"wp:attachment":[{"href":"https:\/\/blog.plenum.bio\/index.php?rest_route=%2Fwp%2Fv2%2Fmedia&parent=106"}],"curies":[{"name":"wp","href":"https:\/\/api.w.org\/{rel}","templated":true}]}}